 a multiple of 98?
True
Does 1359 divide 903284339?
False
Does 18 divide 207799596?
True
Is 581058540 a multiple of 12?
True
Does 72 divide 45626400?
True
Is 5 a factor of 225373189?
False
Is 21355646 a multiple of 34?
False
Does 12 divide 109610472?
True
Does 1241 divide 79976245?
True
Does 493 divide 4558837?
False
Does 571 divide 1668990746?
True
Does 5 divide 23197218?
False
Is 363 a factor of 102891532?
False
Is 167816303 a multiple of 376?
False
Does 5 divide 1404505?
True
Does 1873 divide 332132445?
False
Is 86553910 a multiple of 563?
False
Is 71000324 a multiple of 1348?
False
Is 113 a factor of 1432220269?
False
Is 44434773 a multiple of 199?
False
Is 86953888 a multiple of 791?
False
Is 100012662 a multiple of 956?
False
Does 10 divide 17727830?
True
Is 118935852 a multiple of 5886?
False
Is 2435 a factor of 24324701?
False
Is 2847 a factor of 4908703449?
True
Does 41 divide 38712769?
False
Is 13527402 a multiple of 177?
True
Is 14904428 a multiple of 1078?
True
Is 1338749527 a multiple of 28?
False
Does 394 divide 5713000?
True
Does 114 divide 5509278?
True
Does 83 divide 181226937?
False
Is 19 a factor of 173609697?
False
Does 44 divide 182649701?
False
Is 77 a factor of 36077777?
False
Is 15059678 a multiple of 24?
False
Is 50 a factor of 12215850?
True
Is 510825264 a multiple of 2988?
False
Does 10 divide 252371397?
False
Is 1860198700 a multiple of 50?
True
Does 1234 divide 670581514?
True
Does 100 divide 2696803000?
True
Does 14 divide 1951165385?
False
Does 13 divide 24065234?
False
Does 1375 divide 2747974625?
True
Is 42709950 a multiple of 25?
True
Does 2505 divide 615110362?
False
Does 28 divide 12732076?
True
Is 46074712 a multiple of 19?
False
Does 110 divide 1220018231?
False
Is 3201752136 a multiple of 6459?
True
Does 13 divide 1495865943?
True
Is 2035518 a multiple of 9?
False
Is 182 a factor of 75459675?
False
Is 83 a factor of 6917936143?
False
Does 57 divide 15629172?
True
Is 17248149 a multiple of 79?
True
Is 3977 a factor of 757312271?
True
Is 5468 a factor of 5300441602?
False
Is 310 a factor of 7113260?
True
Is 1231117907 a multiple of 35?
False
Does 359 divide 2543143476?
False
Is 60 a factor of 1792260?
True
Is 63795884 a multiple of 650?
False
Is 1105214 a multiple of 549?
False
Is 61532280 a multiple of 18?
True
Is 53549537 a multiple of 1835?
False
Does 14 divide 1544342240?
True
Does 49 divide 1493123152?
False
Is 35034160 a multiple of 28?
True
Is 89 a factor of 784018711?
True
Is 1062 a factor of 3130951230?
True
Does 406 divide 20824146?
True
Does 1383 divide 1898443680?
False
Is 9 a factor of 90652194?
True
Is 2899 a factor of 1784775148?
True
Is 7 a factor of 54422774?
True
Is 9717120 a multiple of 32?
True
Does 32 divide 133231232?
True
Is 164303498 a multiple of 1350?
False
Is 368735564 a multiple of 17?
False
Does 576 divide 5032268?
False
Does 3 divide 123961041?
True
Is 12111260 a multiple of 35?
True
Is 81213745 a multiple of 2713?
False
Is 137013166 a multiple of 17?
True
Is 154 a factor of 59069068?
False
Is 15998065 a multiple of 266?
False
Is 1567 a factor of 777567915?
False
Is 2007306654 a multiple of 51?
True
Does 8 divide 42167144?
True
Does 352 divide 190133583?
False
Does 106 divide 7085636?
False
Is 108924400 a multiple of 25?
True
Is 447 a factor of 78483350?
False
Is 1396 a factor of 700483484?
True
Is 31151462 a multiple of 257?
False
Does 89 divide 12171511?
False
Does 93 divide 89975375?
False
Does 20 divide 1251963880?
True
Is 44108731 a multiple of 14?
False
Is 1890739402 a multiple of 61?
False
Is 94 a factor of 62280828?
True
Is 1636 a factor of 28192435?
False
Is 15 a factor of 459094335?
True
Is 30140245 a multiple of 437?
False
Is 5155 a factor of 305798297?
False
Is 16 a factor of 22260272?
True
Is 25141458 a multiple of 10?
False
Is 7 a factor of 5044716?
False
Is 116 a factor of 225842751?
False
Does 245 divide 532247800?
True
Is 25904900 a multiple of 805?
True
Is 97880903 a multiple of 1671?
False
Is 37 a factor of 23952818?
False
Does 11 divide 296965536?
False
Is 55112873 a multiple of 268?
False
Is 34 a factor of 16448350?
True
Is 32766888 a multiple of 1617?
True
Does 141 divide 465014757?
True
Is 139 a factor of 945211624?
False
Is 7589880 a multiple of 3?
True
Does 521 divide 867184315?
False
Is 19 a factor of 149557778?
True
Does 16 divide 150191008?
True
Does 4 divide 278204243?
False
Is 10611 a factor of 770642305?
False
Is 337891627 a multiple of 61?
True
Does 121 divide 726494285?
True
Is 2422861947 a multiple of 20?
False
Is 318613309 a multiple of 61?
True
Does 260 divide 755358240?
True
Is 225 a factor of 24857550?
True
Is 63 a factor of 221892804?
True
Is 74836656 a multiple of 108?
True
Does 636 divide 51664811?
False
Does 110 divide 177128270?
True
Is 6485184 a multiple of 86?
False
Is 7265304 a multiple of 8?
True
Is 1112267829 a multiple of 1012?
False
Does 376 divide 2160444488?
True
Is 583490 a multiple of 126?
False
Does 9 divide 1348866?
True
Is 17 a factor of 86481805?
True
Is 15 a factor of 139762590?
True
Is 8 a factor of 114201912?
True
Does 862 divide 1713001337?
False
Is 46 a factor of 7553033434?
True
Is 133 a factor of 69734390?
False
Is 3 a factor of 6958288?
False
Is 66 a factor of 438509676?
True
Is 153 a factor of 18088425?
True
Is 26683822 a multiple of 7?
False
Is 277810575 a multiple of 1799?
True
Is 582 a factor of 72680160?
True
Does 953 divide 153571185?
True
Is 7805814 a multiple of 339?
True
Does 150 divide 1248501345?
False
Is 3650 a factor of 248831450?
True
Is 156742717 a multiple of 595?
False
Is 141914123 a multiple of 1733?
False
Does 69 divide 28773507?
False
Is 22476777 a multiple of 15?
False
Does 59 divide 13697971?
True
Is 3 a factor of 12968778?
True
Does 881 divide 7671787?
False
Is 2167344 a multiple of 8?
True
Is 105275482 a multiple of 26?
True
Does 5116 divide 303803428?
True
Is 14 a factor of 79736104?
True
Is 742 a factor of 22826146?
True
Does 44 divide 48163408?
False
Is 3 a factor of 7771788?
True
Is 54300435 a multiple of 2643?
True
Is 51 a factor of 969814602?
False
Is 3142925149 a multiple of 105?
False
Is 34618798 a multiple of 19?
True
Is 78055115 a multiple of 25?
False
Is 363 a factor of 587104892?
False
Is 29789292 a multiple of 52?
True
Is 35188720 a multiple of 35?
True
Does 228 divide 28435020?
True
Is 2200780022 a multiple of 10?
False
Is 16 a factor of 298133779?
False
Is 392 a factor of 165816?
True
Does 35 divide 733800655?
True
Does 465 divide 129561934?
False
Is 21 a factor of 872279625?
True
Is 5363308 a multiple of 304?
False
Does 64 divide 51597632?
True
Is 40 a factor of 34533320?
True
Does 7 divide 1148185184?
False
Does 113 divide 214455608?
False
Is 79435448 a multiple of 40?
False
Is 8 a factor of 218904520?
True
Is 43 a factor of 195659503?
True
Is 32085734 a multiple of 74?
True
Is 124 a factor of 37673556?
True
Does 222 divide 442750140?
True
Does 27 divide 30055207?
False
Does 11 divide 649868401?
False
Is 80 a factor of 525571157?
False
Is 5 a factor of 78037459?
False
Does 412 divide 943611016?
True
Is 1144585321 a multiple of 598?
False
Does 59 divide 181412787?
True
Is 6741240 a multiple of 5?
True
Is 317 a factor of 274887184?
True
Is 418178003 a multiple of 1777?
False
Is 2253409006 a multiple of 458?
True
Is 50 a factor of 40609250?
True
Is 195 a factor of 42571035?
True
Does 121 divide 21515978?
True
Does 63 divide 4534326405?
True
Is 164 a factor of 73437396?
True
Is 294 a factor of 26519388?
True
Does 2624 divide 1302760896?
True
Is 596268827 a multiple of 11?
True
Is 20995714 a multiple of 34?
True
Does 364 divide 19397676?
False
Does 2789 divide 40250848?
True
Does 3441 divide 158587475?
False
Does 82 divide 60988721?
False
Is 826 a factor of 624777314?
True
Is 2052 a factor of 205799184?
True
Does 2518 divide 481761469?
False
Is 31006303 a multiple of 16?
False
Does 16 divide 202653200?
True
Does 31 divide 251057915?
False
Does 3655 divide 152347710?
True
Does 857 divide 22464716?
False
Is 445 a factor of 4191718885?
True
Is 91 a factor of 342777453?
False
Is 25883316 a multiple of 17?
True
Is 428 a factor of 38205848?
True
Is 716 a factor of 440446684?
True
Does 120 divide 1198915440?
True
Does 21 divide 22688505?
True
Is 466 a factor of 1788399422?
True
I